{"id":88,"date":"2020-04-20T19:07:34","date_gmt":"2020-04-20T17:07:34","guid":{"rendered":"http:\/\/wanderhuren.ch\/?post_type=tribe_events&#038;p=88"},"modified":"2024-04-12T09:38:13","modified_gmt":"2024-04-12T07:38:13","slug":"3-vereinswanderung-2020","status":"publish","type":"tribe_events","link":"https:\/\/wanderhuren.ch\/en\/event\/3-vereinswanderung-2020\/","title":{"rendered":"3. Vereinswanderung 2020 &#8211; Rinerhorn"},"content":{"rendered":"<h3><img fetchpriority=\"high\" decoding=\"async\" class=\"aligncenter wp-image-155 size-large\" src=\"https:\/\/wanderhuren.ch\/wp-content\/uploads\/2020\/04\/mountains-3405477_1920-e1594034559635-1024x583.jpg\" alt=\"\" width=\"1024\" height=\"583\" srcset=\"https:\/\/wanderhuren.ch\/wp-content\/uploads\/2020\/04\/mountains-3405477_1920-e1594034559635-1024x583.jpg 1024w, https:\/\/wanderhuren.ch\/wp-content\/uploads\/2020\/04\/mountains-3405477_1920-e1594034559635-300x171.jpg 300w, https:\/\/wanderhuren.ch\/wp-content\/uploads\/2020\/04\/mountains-3405477_1920-e1594034559635-768x438.jpg 768w, https:\/\/wanderhuren.ch\/wp-content\/uploads\/2020\/04\/mountains-3405477_1920-e1594034559635-1536x875.jpg 1536w, https:\/\/wanderhuren.ch\/wp-content\/uploads\/2020\/04\/mountains-3405477_1920-e1594034559635-1895x1080.jpg 1895w, https:\/\/wanderhuren.ch\/wp-content\/uploads\/2020\/04\/mountains-3405477_1920-e1594034559635.jpg 1920w\" sizes=\"(max-width: 1024px) 100vw, 1024px\" \/><\/h3>\n<p>Nach der Wanderung am ersten Tag wird sich die Gruppe im Berghostel Rinerhorn verpflegen und den Abend ausklingen lassen. Schlafpl\u00e4tze sind vorhanden und mit ein wenig Gl\u00fcck k\u00f6nnen auch noch Feuerwerke oder H\u00f6henfeuer in der Umgebung bestaunt werden.<\/p>\n<h3>Tag 1<\/h3>\n<table>\n<tbody>\n<tr>\n<th><i class=\"fa fa-route fa-fw\"><\/i>Route<\/th>\n<td>Davos Glaris \u2013 Riederalp \u2013 Nidel L\u00f6ffel \u2013 Marchh\u00fcreli \u2013 Rinerhorn \u2013 Jatzmeder<\/td>\n<\/tr>\n<tr>\n<th><i class=\"fa fa-hiking fa-fw\"><\/i>Schwierigkeitsgrad<\/th>\n<td>Mittel<\/td>\n<\/tr>\n<tr>\n<th><i class=\"fas fa-mountain fa-fw\"><\/i>L\u00e4nge der Strecke<\/th>\n<td>12.81km<\/td>\n<\/tr>\n<tr>\n<th><i class=\"fas fa-long-arrow-alt-up fa-fw\"><\/i>Aufstieg<\/th>\n<td>1213m<\/td>\n<\/tr>\n<tr>\n<th><i class=\"fas fa-long-arrow-alt-down fa-fw\"><\/i>Abstieg<\/th>\n<td>613m<\/td>\n<\/tr>\n<tr>\n<th><i class=\"far fa-clock fa-fw\"><\/i>Dauer<\/th>\n<td>ca. 5.25h<\/td>\n<\/tr>\n<\/tbody>\n<\/table>\n<h3>Tag 2 (freiwillig)<\/h3>\n<table>\n<tbody>\n<tr>\n<th><i class=\"fa fa-route fa-fw\"><\/i>Route<\/th>\n<td>Bergbahn Rinerhorn \u2013 Bus nach W\u00e4gerh\u00fctte \u2013 Winterl\u00fccke \u2013 J\u00f6riseen \u2013 J\u00f6rifl\u00fcelafurgga \u2013 W\u00e4gerh\u00fctte \u2013 Bus nach Davos Dorf<\/td>\n<\/tr>\n<tr>\n<th><i class=\"fa fa-hiking fa-fw\"><\/i>Schwierigkeitsgrad<\/th>\n<td>Mittel<\/td>\n<\/tr>\n<tr>\n<th><i class=\"fas fa-mountain fa-fw\"><\/i>L\u00e4nge der Strecke<\/th>\n<td>11.22km<\/td>\n<\/tr>\n<tr>\n<th><i class=\"fas fa-long-arrow-alt-up fa-fw\"><\/i>Aufstieg<\/th>\n<td>934m<\/td>\n<\/tr>\n<tr>\n<th><i class=\"fas fa-long-arrow-alt-down fa-fw\"><\/i>Abstieg<\/th>\n<td>934m<\/td>\n<\/tr>\n<tr>\n<th><i class=\"far fa-clock fa-fw\"><\/i>Dauer<\/th>\n<td>ca. 4.5h<\/td>\n<\/tr>\n<\/tbody>\n<\/table>\n<table>\n<tbody>\n<tr>\n<th style=\"width: 25%;\"><i class=\"fas fa-tshirt fa-fw\"><\/i>Ausr\u00fcstung<\/th>\n<td>Wanderschuhe, Wanderst\u00f6cke (bei Bedarf), Gipfelwein, Badehose, Badetuch, Verpflegung, Sonnenschutz, Ersatz T-Shirt, Schlafzeugs, Schlafsack, Badutensilien<\/td>\n<\/tr>\n<\/tbody>\n<\/table>\n<h3>Willst Du dabei sein? Dann werde Mitglied (<a href=\"https:\/\/wanderhuren.ch\/anmeldung\/\"><strong>Hier anmelden<\/strong><\/a>) und Du erh\u00e4ltst alle weiteren Informationen von uns zugeschickt!<\/h3>\n<p>&nbsp;<\/p>\n<style>\nth {\npadding-left: 10px !important;\nvertical-align: middle;\nwidth: 25%;\n}\ni {\n color: #3C424F !important;\n margin-right: 10px !important;\n}\n<\/style>\n","protected":false},"excerpt":{"rendered":"<p>Davos Rinerhorn mit \u00dcbernachtung im Berghostel<\/p>\n","protected":false},"author":1,"featured_media":0,"comment_status":"closed","ping_status":"closed","template":"","meta":{"ngg_post_thumbnail":0,"_tribe_events_status":"","_tribe_events_status_reason":"","footnotes":""},"tags":[],"tribe_events_cat":[],"class_list":["post-88","tribe_events","type-tribe_events","status-publish","hentry"],"_links":{"self":[{"href":"https:\/\/wanderhuren.ch\/en\/wp-json\/wp\/v2\/tribe_events\/88"}],"collection":[{"href":"https:\/\/wanderhuren.ch\/en\/wp-json\/wp\/v2\/tribe_events"}],"about":[{"href":"https:\/\/wanderhuren.ch\/en\/wp-json\/wp\/v2\/types\/tribe_events"}],"author":[{"embeddable":true,"href":"https:\/\/wanderhuren.ch\/en\/wp-json\/wp\/v2\/users\/1"}],"replies":[{"embeddable":true,"href":"https:\/\/wanderhuren.ch\/en\/wp-json\/wp\/v2\/comments?post=88"}],"version-history":[{"count":9,"href":"https:\/\/wanderhuren.ch\/en\/wp-json\/wp\/v2\/tribe_events\/88\/revisions"}],"predecessor-version":[{"id":417,"href":"https:\/\/wanderhuren.ch\/en\/wp-json\/wp\/v2\/tribe_events\/88\/revisions\/417"}],"wp:attachment":[{"href":"https:\/\/wanderhuren.ch\/en\/wp-json\/wp\/v2\/media?parent=88"}],"wp:term":[{"taxonomy":"post_tag","embeddable":true,"href":"https:\/\/wanderhuren.ch\/en\/wp-json\/wp\/v2\/tags?post=88"},{"taxonomy":"tribe_events_cat","embeddable":true,"href":"https:\/\/wanderhuren.ch\/en\/wp-json\/wp\/v2\/tribe_events_cat?post=88"}],"curies":[{"name":"wp","href":"https:\/\/api.w.org\/{rel}","templated":true}]}}

<h3><img fetchpriority="high" decoding="async" class="aligncenter wp-image-155 size-large" src="https://wanderhuren.ch/wp-content/uploads/2020/04/mountains-3405477_1920-e1594034559635-1024x583.jpg" alt="" width="1024" height="583" srcset="https://wanderhuren.ch/wp-content/uploads/2020/04/mountains-3405477_1920-e1594034559635-1024x583.jpg 1024w, https://wanderhuren.ch/wp-content/uploads/2020/04/mountains-3405477_1920-e1594034559635-300x171.jpg 300w, https://wanderhuren.ch/wp-content/uploads/2020/04/mountains-3405477_1920-e1594034559635-768x438.jpg 768w, https://wanderhuren.ch/wp-content/uploads/2020/04/mountains-3405477_1920-e1594034559635-1536x875.jpg 1536w, https://wanderhuren.ch/wp-content/uploads/2020/04/mountains-3405477_1920-e1594034559635-1895x1080.jpg 1895w, https://wanderhuren.ch/wp-content/uploads/2020/04/mountains-3405477_1920-e1594034559635.jpg 1920w" sizes="(max-width: 1024px) 100vw, 1024px" /></h3>
<p>Nach der Wanderung am ersten Tag wird sich die Gruppe im Berghostel Rinerhorn verpflegen und den Abend ausklingen lassen. Schlafplätze sind vorhanden und mit ein wenig Glück können auch noch Feuerwerke oder Höhenfeuer in der Umgebung bestaunt werden.</p>
<h3>Tag 1</h3>
<table>
<tbody>
<tr>
<th><i class="fa fa-route fa-fw"></i>Route</th>
<td>Davos Glaris – Riederalp – Nidel Löffel – Marchhüreli – Rinerhorn – Jatzmeder</td>
</tr>
<tr>
<th><i class="fa fa-hiking fa-fw"></i>Schwierigkeitsgrad</th>
<td>Mittel</td>
</tr>
<tr>
<th><i class="fas fa-mountain fa-fw"></i>Länge der Strecke</th>
<td>12.81km</td>
</tr>
<tr>
<th><i class="fas fa-long-arrow-alt-up fa-fw"></i>Aufstieg</th>
<td>1213m</td>
</tr>
<tr>
<th><i class="fas fa-long-arrow-alt-down fa-fw"></i>Abstieg</th>
<td>613m</td>
</tr>
<tr>
<th><i class="far fa-clock fa-fw"></i>Dauer</th>
<td>ca. 5.25h</td>
</tr>
</tbody>
</table>
<h3>Tag 2 (freiwillig)</h3>
<table>
<tbody>
<tr>
<th><i class="fa fa-route fa-fw"></i>Route</th>
<td>Bergbahn Rinerhorn – Bus nach Wägerhütte – Winterlücke – Jöriseen – Jöriflüelafurgga – Wägerhütte – Bus nach Davos Dorf</td>
</tr>
<tr>
<th><i class="fa fa-hiking fa-fw"></i>Schwierigkeitsgrad</th>
<td>Mittel</td>
</tr>
<tr>
<th><i class="fas fa-mountain fa-fw"></i>Länge der Strecke</th>
<td>11.22km</td>
</tr>
<tr>
<th><i class="fas fa-long-arrow-alt-up fa-fw"></i>Aufstieg</th>
<td>934m</td>
</tr>
<tr>
<th><i class="fas fa-long-arrow-alt-down fa-fw"></i>Abstieg</th>
<td>934m</td>
</tr>
<tr>
<th><i class="far fa-clock fa-fw"></i>Dauer</th>
<td>ca. 4.5h</td>
</tr>
</tbody>
</table>
<table>
<tbody>
<tr>
<th style="width: 25%;"><i class="fas fa-tshirt fa-fw"></i>Ausrüstung</th>
<td>Wanderschuhe, Wanderstöcke (bei Bedarf), Gipfelwein, Badehose, Badetuch, Verpflegung, Sonnenschutz, Ersatz T-Shirt, Schlafzeugs, Schlafsack, Badutensilien</td>
</tr>
</tbody>
</table>
<h3>Willst Du dabei sein? Dann werde Mitglied (<a href="https://wanderhuren.ch/anmeldung/"><strong>Hier anmelden</strong></a>) und Du erhältst alle weiteren Informationen von uns zugeschickt!</h3>
<p>&nbsp;</p>
<style>
th {
padding-left: 10px !important;
vertical-align: middle;
width: 25%;
}
i {
 color: #3C424F !important;
 margin-right: 10px !important;
}
</style>

<p>Davos Rinerhorn mit Übernachtung im Berghostel</p>
