{"id":80,"date":"2020-04-20T18:43:56","date_gmt":"2020-04-20T16:43:56","guid":{"rendered":"http:\/\/wanderhuren.ch\/?post_type=tribe_events&#038;p=80"},"modified":"2024-04-12T09:38:13","modified_gmt":"2024-04-12T07:38:13","slug":"1-vereinswanderung-2020","status":"publish","type":"tribe_events","link":"https:\/\/wanderhuren.ch\/en\/event\/1-vereinswanderung-2020\/","title":{"rendered":"1. Vereinswanderung 2020 &#8211; Rigi Kulm"},"content":{"rendered":"<p><img fetchpriority=\"high\" decoding=\"async\" class=\"alignnone size-mesmerize-full-hd wp-image-110\" src=\"https:\/\/wanderhuren.ch\/wp-content\/uploads\/2020\/04\/manuel-boxler-KD_LFe9Xtbw-unsplash-1920x1080.jpg\" alt=\"\" width=\"1920\" height=\"1080\" srcset=\"https:\/\/wanderhuren.ch\/wp-content\/uploads\/2020\/04\/manuel-boxler-KD_LFe9Xtbw-unsplash-1920x1080.jpg 1920w, https:\/\/wanderhuren.ch\/wp-content\/uploads\/2020\/04\/manuel-boxler-KD_LFe9Xtbw-unsplash-300x169.jpg 300w, https:\/\/wanderhuren.ch\/wp-content\/uploads\/2020\/04\/manuel-boxler-KD_LFe9Xtbw-unsplash-1024x576.jpg 1024w, https:\/\/wanderhuren.ch\/wp-content\/uploads\/2020\/04\/manuel-boxler-KD_LFe9Xtbw-unsplash-768x432.jpg 768w, https:\/\/wanderhuren.ch\/wp-content\/uploads\/2020\/04\/manuel-boxler-KD_LFe9Xtbw-unsplash-1536x864.jpg 1536w, https:\/\/wanderhuren.ch\/wp-content\/uploads\/2020\/04\/manuel-boxler-KD_LFe9Xtbw-unsplash-2048x1152.jpg 2048w\" sizes=\"(max-width: 1920px) 100vw, 1920px\" \/><\/p>\n<h3>Infos<\/h3>\n<table>\n<tr>\n<th><i class=\"fa fa-route fa-fw\"><\/i>Route<\/th>\n<td>Arth-Goldau \u2013 D\u00e4chli \u2013 Rigi Kl\u00f6sterli \u2013 Riedboden \u2013 Rigi Kulm \u2013 Fahrt mit Zahnradbahn nach Arth-Goldau \u2013 Arth am See \u2013 Grill \u2018n\u2019 Chill<\/td>\n<\/tr>\n<tr>\n<th><i class=\"fa fa-hiking fa-fw\"><\/i>Schwierigkeitsgrad<\/th>\n<td>Mittel<\/td>\n<\/tr>\n<tr>\n<th><i class=\"fas fa-mountain fa-fw\"><\/i>L\u00e4nge der Strecke<\/th>\n<td>9.95km<\/td>\n<\/tr>\n<tr>\n<th><i class=\"fas fa-long-arrow-alt-up fa-fw\"><\/i>Aufstieg<\/th>\n<td>1251m<\/td>\n<\/tr>\n<tr>\n<th><i class=\"fas fa-long-arrow-alt-down fa-fw\"><\/i>Abstieg<\/th>\n<td>109m<\/td>\n<\/tr>\n<tr>\n<th><i class=\"far fa-clock fa-fw\"><\/i>Dauer<\/th>\n<td>4.5h<\/td>\n<\/tr>\n<tr>\n<th><i class=\"fas fa-tshirt fa-fw\"><\/i>Ausr\u00fcstung<\/th>\n<td>Wanderschuhe, Wanderst\u00f6cke (bei Bedarf), Gipfelwein, Badehose, Badetuch, Verpflegung, Sonnenschutz, Ersatz T-Shirt<\/td>\n<\/tr>\n<\/table>\n<p><\/p>\n<h3>Willst Du dabei sein? Dann werde Mitglied (<a href=\"https:\/\/wanderhuren.ch\/anmeldung\/\"><strong>Anmelden<\/strong><\/a>) und Du erh\u00e4lst alle weiteren Informationen von uns zugeschickt!<\/h3>\n<p><\/p>\n<style>\nth { \npadding-left: 10px !important;\n}\ni {\n color: #3C424F !important; \n margin-right: 10px !important;\n}\n<\/style>\n","protected":false},"excerpt":{"rendered":"<p>Infos Route Arth-Goldau \u2013 D\u00e4chli \u2013 Rigi Kl\u00f6sterli \u2013 Riedboden \u2013 Rigi Kulm \u2013 Fahrt mit Zahnradbahn nach Arth-Goldau \u2013 Arth am See \u2013 Grill \u2018n\u2019 Chill Schwierigkeitsgrad Mittel L\u00e4nge der Strecke 9.95km Aufstieg 1251m Abstieg 109m Dauer 4.5h Ausr\u00fcstung Wanderschuhe, Wanderst\u00f6cke (bei Bedarf), Gipfelwein, Badehose, Badetuch, Verpflegung, Sonnenschutz, Ersatz [&hellip;]<\/p>\n","protected":false},"author":1,"featured_media":0,"comment_status":"closed","ping_status":"closed","template":"","meta":{"ngg_post_thumbnail":0,"_tribe_events_status":"","_tribe_events_status_reason":"","footnotes":""},"tags":[],"tribe_events_cat":[],"class_list":["post-80","tribe_events","type-tribe_events","status-publish","hentry"],"_links":{"self":[{"href":"https:\/\/wanderhuren.ch\/en\/wp-json\/wp\/v2\/tribe_events\/80"}],"collection":[{"href":"https:\/\/wanderhuren.ch\/en\/wp-json\/wp\/v2\/tribe_events"}],"about":[{"href":"https:\/\/wanderhuren.ch\/en\/wp-json\/wp\/v2\/types\/tribe_events"}],"author":[{"embeddable":true,"href":"https:\/\/wanderhuren.ch\/en\/wp-json\/wp\/v2\/users\/1"}],"replies":[{"embeddable":true,"href":"https:\/\/wanderhuren.ch\/en\/wp-json\/wp\/v2\/comments?post=80"}],"version-history":[{"count":6,"href":"https:\/\/wanderhuren.ch\/en\/wp-json\/wp\/v2\/tribe_events\/80\/revisions"}],"predecessor-version":[{"id":415,"href":"https:\/\/wanderhuren.ch\/en\/wp-json\/wp\/v2\/tribe_events\/80\/revisions\/415"}],"wp:attachment":[{"href":"https:\/\/wanderhuren.ch\/en\/wp-json\/wp\/v2\/media?parent=80"}],"wp:term":[{"taxonomy":"post_tag","embeddable":true,"href":"https:\/\/wanderhuren.ch\/en\/wp-json\/wp\/v2\/tags?post=80"},{"taxonomy":"tribe_events_cat","embeddable":true,"href":"https:\/\/wanderhuren.ch\/en\/wp-json\/wp\/v2\/tribe_events_cat?post=80"}],"curies":[{"name":"wp","href":"https:\/\/api.w.org\/{rel}","templated":true}]}}

<p><img fetchpriority="high" decoding="async" class="alignnone size-mesmerize-full-hd wp-image-110" src="https://wanderhuren.ch/wp-content/uploads/2020/04/manuel-boxler-KD_LFe9Xtbw-unsplash-1920x1080.jpg" alt="" width="1920" height="1080" srcset="https://wanderhuren.ch/wp-content/uploads/2020/04/manuel-boxler-KD_LFe9Xtbw-unsplash-1920x1080.jpg 1920w, https://wanderhuren.ch/wp-content/uploads/2020/04/manuel-boxler-KD_LFe9Xtbw-unsplash-300x169.jpg 300w, https://wanderhuren.ch/wp-content/uploads/2020/04/manuel-boxler-KD_LFe9Xtbw-unsplash-1024x576.jpg 1024w, https://wanderhuren.ch/wp-content/uploads/2020/04/manuel-boxler-KD_LFe9Xtbw-unsplash-768x432.jpg 768w, https://wanderhuren.ch/wp-content/uploads/2020/04/manuel-boxler-KD_LFe9Xtbw-unsplash-1536x864.jpg 1536w, https://wanderhuren.ch/wp-content/uploads/2020/04/manuel-boxler-KD_LFe9Xtbw-unsplash-2048x1152.jpg 2048w" sizes="(max-width: 1920px) 100vw, 1920px" /></p>
<h3>Infos</h3>
<table>
<tr>
<th><i class="fa fa-route fa-fw"></i>Route</th>
<td>Arth-Goldau – Dächli – Rigi Klösterli – Riedboden – Rigi Kulm – Fahrt mit Zahnradbahn nach Arth-Goldau – Arth am See – Grill ‘n’ Chill</td>
</tr>
<tr>
<th><i class="fa fa-hiking fa-fw"></i>Schwierigkeitsgrad</th>
<td>Mittel</td>
</tr>
<tr>
<th><i class="fas fa-mountain fa-fw"></i>Länge der Strecke</th>
<td>9.95km</td>
</tr>
<tr>
<th><i class="fas fa-long-arrow-alt-up fa-fw"></i>Aufstieg</th>
<td>1251m</td>
</tr>
<tr>
<th><i class="fas fa-long-arrow-alt-down fa-fw"></i>Abstieg</th>
<td>109m</td>
</tr>
<tr>
<th><i class="far fa-clock fa-fw"></i>Dauer</th>
<td>4.5h</td>
</tr>
<tr>
<th><i class="fas fa-tshirt fa-fw"></i>Ausrüstung</th>
<td>Wanderschuhe, Wanderstöcke (bei Bedarf), Gipfelwein, Badehose, Badetuch, Verpflegung, Sonnenschutz, Ersatz T-Shirt</td>
</tr>
</table>
<p></p>
<h3>Willst Du dabei sein? Dann werde Mitglied (<a href="https://wanderhuren.ch/anmeldung/"><strong>Anmelden</strong></a>) und Du erhälst alle weiteren Informationen von uns zugeschickt!</h3>
<p></p>
<style>
th { 
padding-left: 10px !important;
}
i {
 color: #3C424F !important; 
 margin-right: 10px !important;
}
</style>

<p>Infos Route Arth-Goldau – Dächli – Rigi Klösterli – Riedboden – Rigi Kulm – Fahrt mit Zahnradbahn nach Arth-Goldau – Arth am See – Grill ‘n’ Chill Schwierigkeitsgrad Mittel Länge der Strecke 9.95km Aufstieg 1251m Abstieg 109m Dauer 4.5h Ausrüstung Wanderschuhe, Wanderstöcke (bei Bedarf), Gipfelwein, Badehose, Badetuch, Verpflegung, Sonnenschutz, Ersatz [&hellip;]</p>
