{"id":26,"date":"2020-04-13T16:23:16","date_gmt":"2020-04-13T14:23:16","guid":{"rendered":"http:\/\/wanderhuren.ch\/?post_type=tribe_events&#038;p=26"},"modified":"2024-04-12T09:38:13","modified_gmt":"2024-04-12T07:38:13","slug":"grosseraubrig","status":"publish","type":"tribe_events","link":"https:\/\/wanderhuren.ch\/en\/event\/grosseraubrig\/","title":{"rendered":"Grosser Aubrig"},"content":{"rendered":"<p>Wir fahren mit dem Bus von Siebnen ins W\u00e4gital und steigen bei der Staumauer in Innerthal aus. Von da aus beginnt der Aufstieg auf den Grossen Aubrig. Dort wird die wundersch\u00f6ne Aussicht genossen und gerastet, bevor danach der Abstieg nach Vorderthal beginnt. Von Vorderthal aus f\u00e4hrt der Bus wieder zur\u00fcck nach Siebnen mit Anschluss an das S-Bahn Netz.<\/p>\n<p><strong><a href=\"https:\/\/s.geo.admin.ch\/88b9e0adeb\" target=\"_blank\" rel=\"noopener noreferrer\">Route auf Swiss-Map<\/a><\/strong><\/p>\n","protected":false},"excerpt":{"rendered":"<p>Wir fahren mit dem Bus von Siebnen ins W\u00e4gital und steigen bei der Staumauer in Innerthal aus. Von da aus beginnt der Aufstieg auf den Grossen Aubrig. Dort wird die wundersch\u00f6ne Aussicht genossen und gerastet, bevor danach der Abstieg nach Vorderthal beginnt. Von Vorderthal aus f\u00e4hrt der Bus wieder zur\u00fcck [&hellip;]<\/p>\n","protected":false},"author":1,"featured_media":0,"comment_status":"closed","ping_status":"closed","template":"","meta":{"ngg_post_thumbnail":0,"_tribe_events_status":"","_tribe_events_status_reason":"","footnotes":""},"tags":[],"tribe_events_cat":[],"class_list":["post-26","tribe_events","type-tribe_events","status-publish","hentry"],"_links":{"self":[{"href":"https:\/\/wanderhuren.ch\/en\/wp-json\/wp\/v2\/tribe_events\/26"}],"collection":[{"href":"https:\/\/wanderhuren.ch\/en\/wp-json\/wp\/v2\/tribe_events"}],"about":[{"href":"https:\/\/wanderhuren.ch\/en\/wp-json\/wp\/v2\/types\/tribe_events"}],"author":[{"embeddable":true,"href":"https:\/\/wanderhuren.ch\/en\/wp-json\/wp\/v2\/users\/1"}],"replies":[{"embeddable":true,"href":"https:\/\/wanderhuren.ch\/en\/wp-json\/wp\/v2\/comments?post=26"}],"version-history":[{"count":6,"href":"https:\/\/wanderhuren.ch\/en\/wp-json\/wp\/v2\/tribe_events\/26\/revisions"}],"predecessor-version":[{"id":57,"href":"https:\/\/wanderhuren.ch\/en\/wp-json\/wp\/v2\/tribe_events\/26\/revisions\/57"}],"wp:attachment":[{"href":"https:\/\/wanderhuren.ch\/en\/wp-json\/wp\/v2\/media?parent=26"}],"wp:term":[{"taxonomy":"post_tag","embeddable":true,"href":"https:\/\/wanderhuren.ch\/en\/wp-json\/wp\/v2\/tags?post=26"},{"taxonomy":"tribe_events_cat","embeddable":true,"href":"https:\/\/wanderhuren.ch\/en\/wp-json\/wp\/v2\/tribe_events_cat?post=26"}],"curies":[{"name":"wp","href":"https:\/\/api.w.org\/{rel}","templated":true}]}}

<p>Wir fahren mit dem Bus von Siebnen ins Wägital und steigen bei der Staumauer in Innerthal aus. Von da aus beginnt der Aufstieg auf den Grossen Aubrig. Dort wird die wunderschöne Aussicht genossen und gerastet, bevor danach der Abstieg nach Vorderthal beginnt. Von Vorderthal aus fährt der Bus wieder zurück nach Siebnen mit Anschluss an das S-Bahn Netz.</p>
<p><strong><a href="https://s.geo.admin.ch/88b9e0adeb" target="_blank" rel="noopener noreferrer">Route auf Swiss-Map</a></strong></p>

<p>Wir fahren mit dem Bus von Siebnen ins Wägital und steigen bei der Staumauer in Innerthal aus. Von da aus beginnt der Aufstieg auf den Grossen Aubrig. Dort wird die wunderschöne Aussicht genossen und gerastet, bevor danach der Abstieg nach Vorderthal beginnt. Von Vorderthal aus fährt der Bus wieder zurück [&hellip;]</p>
